git of h?
5
Let a = -1 + 1. Let w be -1*(2 - a) - -3. What is the units digit of 7/w - (-2 - -2)?
7
Suppose 0 = -2*o - 2*v + 56, -140 = -5*o - 2*v - 0. What is the tens digit of -2 - -2 - o/(-2)?
1
Let s be 3/12 - 69/(-12). Let u(h) = h**3 - 7*h**2 + 5*h + 8. What is the units digit of u(s)?
2
Suppose -3*t = -2*t - 27. What is the units digit of t?
7
Let o(x) = 6*x**3 + 4*x**2 + 5*x + 5. Let w(q) = -7*q**3 - 5*q**2 - 6*q - 4. Let h(a) = 6*o(a) + 5*w(a). Let y = 16 + -16. What is the tens digit of h(y)?
1
Suppose 3*f = 5*f - 10. Suppose -10 = -3*h + f*h. What is the units digit of h/(-1 + 1 + -1)?
5
Let h(t) = t**2 + 12*t + 9. Let u be h(-12). Let q = u + -5. What is the units digit of q?
4
Let i = 50 - 22. What is the units digit of i?
8
Suppose -2*n = -5*n + 12. Suppose l - 3 + 2 = 0. Suppose -3*r = l - n. What is the units digit of r?
1
Let g = 111 + -29. Suppose -2*t = -g - 22. What is the units digit of t?
2
Suppose -2*z = -x + 5, -x = 2*x + 4*z - 45. What is the units digit of x?
1
Suppose -5*u + 5*r - r = -1042, r + 418 = 2*u. What is the hundreds digit of u?
2
Let b = -103 + 188. What is the tens digit of b?
8
Suppose 5*w - 115 = -m, 2*w - 5*m - 49 = w. Suppose 2 + w = y. What is the units digit of y?
6
Let l = 62 + 176. What is the units digit of l?
8
Let o be 16/(-12)*(-9)/(-3). What is the units digit of (-142)/(-3) - o/(-12)?
7
Let i be (-1 + -4)*(1 - 2). Let s = -8 + i. What is the tens digit of -3 + (s + 3 - -18)?
1
What is the tens digit of ((-80)/3 + -3)/(2/(-6))?
8
Let p = 8 + -4. Suppose -2*t = -p*q + 58, -3*q + 5*q - 5*t - 49 = 0. What is the tens digit of q?
1
Let r(c) be the first derivative of -c**2 - 4/3*c**3 + 2 - 1/4*c**4 - 5*c. What is the units digit of r(-4)?
3
Let o = -136 - -229. What is the tens digit of o?
9
Suppose -q - 8 = -2*t + 5, 0 = t + 4*q + 16. Suppose 5*y + 5*r - 5 = 0, 0 = r - 0*r + t. What is the units digit of y?
5
Let i be (-1)/1 - -1 - 0. Suppose -3 + i = -q. Suppose q*k = -k + 8. What is the units digit of k?
2
Let v be 1/(-6) - (-5)/30. Suppose -4*o + 50 = -5*l + 7, v = -4*o + 4*l + 40. What is the units digit of o?
7
Let g(o) = o**3 + 4*o**2 - 4. Let m be g(-3). Suppose 9*j - 8 = m*j. What is the units digit of j?
2
Suppose o - 38 = -3*j, -96 = -3*o - 2*j - j. What is the tens digit of o?
2
Let j(a) = -1 - a**2 + 3 + 0 + 15*a. What is the units digit of j(15)?
2
Suppose -2*b + 0*b - 3*u + 1 = 0, 4*b - 9 = u. Let d be (-2)/(-12) + 3/(-18). Suppose -2*p + b = m, -5*m + 3 = 3*p - d*m. What is the units digit of p?
1
Let v = -25 + 126. What is the hundreds digit of v?
1
Suppose -4*y + 3*d - 2 = 0, 0*d - 6 = 3*d. Let w(f) = f**2 - f + 1. Let n(o) = 2*o**3 - 2*o**2 + o. Let j(h) = y*w(h) + n(h). What is the units digit of j(2)?
4
Let q(x) = x**3 + 6*x**2 - 5*x + 5. Let v be q(-7). Let y = v + 2. Let b = y + 14. What is the units digit of b?
7
Suppose -13*v = -9*v - 40. What is the units digit of v?
0
Let w(h) = h**2 + 6*h + 7. Let x be w(-5). Suppose -2*z + z + 14 = 2*t, 2 = -2*z + x*t. Suppose 0 = -z*n + 40. What is the units digit of n?
0
Let k(i) = -4*i - 2. Let l be k(-5). Let b = l - 11. Let t = -5 + b. What is the units digit of t?
2
Let d(f) = f + 2. Let a(g) = 5*g - 1 + 1 - g**2. Let n be a(5). What is the units digit of d(n)?
2
Let w(u) = 7*u**3 + 7*u**2 - u + 10. Let b(o) = 6*o**3 + 6*o**2 + 9. Let c(g) = -6*b(g) + 5*w(g). What is the units digit of c(-3)?
9
Let h(t) = -11*t**2 - 4*t - 3. Let f be h(-2). Let l = f + 59. What is the tens digit of l?
2
Suppose -h + 3 = 5. Suppose g - 5 - 5 = 0. Let y = h + g. What is the units digit of y?
8
Let m be 1/(-1 + (-2)/(-4)). Suppose -6 = -n + 2. Let i = m + n. What is the units digit of i?
6
Let c(o) = -11*o - 10. What is the tens digit of c(-11)?
1
Let d = 8 + -6. Suppose 0 = -0*n + d*n - 20. What is the units digit of n?
0
Suppose x = 4*x + 84. Let m = x - -40. What is the units digit of m?
2
Let g be 10/4*(-4)/(-5). Suppose g*l + 12 = -0*l. Let d = l + 10. What is the units digit of d?
4
Suppose 4*n = 2*n + 56. What is the units digit of n?
8
Suppose 4*a - 503 = 193. What is the tens digit of a?
7
Suppose 7*h - 22 - 6 = 0. Suppose -10 = -h*r - 2. What is the units digit of r?
2
Suppose -5*m - 2*i + 112 = 0, 9 = -2*m - i + 54. What is the tens digit of m?
2
Suppose l - 4 - 13 = 0. What is the tens digit of l?
1
Suppose 3*g - 2*g = 20. Let i = -15 + g. What is the units digit of i?
5
Let q be 20/(-11) - 22/121. Let s = q - -34. What is the units digit of s?
2
Let p(r) = -r**3 + 12*r**2 + r - 1. Suppose -o = 5*x - 4*o - 57, -2*o = 2*x - 26. What is the tens digit of p(x)?
1
Let p(t) = -27*t + 6. Let v be p(-4). Suppose 3*j = 9 + v. What is the tens digit of j?
4
Let r = 44 - 40. What is the units digit of r?
4
Let p = -1 - -20. What is the tens digit of (-4 - -1 - -1) + p?
1
What is the units digit of 5 + (-7 - -3) - -260?
1
Let f = 45 - 14. What is the tens digit of f?
3
Let q be -7 - -1*(-3)/(-3). Let r = 10 + q. What is the units digit of r?
4
Let f = -17 + -11. What is the tens digit of (-3 + f/(-8))*54?
2
Let m(l) = -l**3 - 7*l**2 + l + 5. Let y be m(-7). Let o = y - 5. Let u(r) = -r**2 - 8*r - 2. What is the units digit of u(o)?
5
Suppose -108 = 4*s + 48. What is the tens digit of -2*(-12)/(-8) - s?
3
Suppose 0 = -r - 0*r. Let n = r + 0. Suppose -d + 14 + 2 = n. What is the tens digit of d?
1
Let y = -27 + 29. Suppose -y*b = -30 - 46. What is the units digit of b?
8
Suppose -3*x = -f - 6, -2*x + 6*x = f + 10. Suppose 1 = s - f. What is the units digit of s?
7
Suppose -1 = -3*k - 16. Let l(w) = 3*w**2 + 6*w - 2. What is the tens digit of l(k)?
4
Suppose h - 4*n + 12 = 0, -2*h + n + 4 = -0*h. Suppose i - 9 = -0*i + x, -i + 9 = h*x. What is the units digit of i?
9
Suppose 3*u - 36 = -c, -5*c + 5*u = -4*c + 4. What is the tens digit of c?
2
Suppose -l = 4*q - 911, 2*l = 7*q - 3*q - 926. What is the hundreds digit of q?
2
Let r = -79 + 135. What is the units digit of r?
6
Let w(u) = u**3 + 9*u**2 + u - 3. Let f be w(-9). Let r be 154/8 - (-3)/f. Suppose 0 = 5*o + k - 50, 4*k - r - 1 = 0. What is the units digit of o?
9
Suppose 0 = -n + 26 + 17. What is the units digit of n?
3
Let d = 23 - 21. Suppose -3*q = 3*j - 156, -2*j + d*q - q = -89. What is the tens digit of j?
4
Suppose 0 = 5*t - 4*s - 11, -3*s + 15 = 4*t - 0*s. Let j = t - 2. What is the units digit of j?
1
Suppose -3 = 5*d + 3*f - 43, -3*d - 5*f + 40 = 0. Suppose d*r = 2*y + 127, 3*r = 2*r + 5*y + 7. What is the units digit of r?
7
Suppose -5*m = -2*f - 2*f + 5, -11 = -2*m - f. Suppose 3*j + 3*y + 3 = -m, 0 = 3*y - 6. Let x = j + 6. What is the units digit of x?
2
Let g = -14 - 4. Let w be (-6)/((g/(-40))/3). Let l = -22 - w. What is the units digit of l?
8
Let p = 20 + -16. What is the units digit of (13/(-2))/(p/(-8))?
3
Suppose 0 = -0*h + 4*h - 72. Suppose -l - h = -2*l. What is the units digit of l?
8
Suppose 5*h = j - 5*j + 9, 0 = 2*j + 2*h - 4. What is the units digit of j?
1
Suppose 94 - 78 = q. What is the units digit of q?
6
What is the units digit of (4 - 8) + 17 + 0?
3
Let b = 80 - 27. What is the units digit of b?
3
Let c(p) = 5*p + 3. Let x be c(9). Suppose 0 = -0*z + z - x. What is the units digit of z?
8
Suppose 5 = 3*k - 31. Let n = 17 - k. Suppose -4*w + 2*t = -t - 24, -n*w + 25 = -5*t. What is the units digit of w?
9
What is the tens digit of (-28)/98 - (814/(-7) - 0)?
1
Let v(m) = 71*m - 2. What is the tens digit of v(1)?
6
Let n(u) = -u**2 + 12*u - 8. Let z be n(8). Let f = 30 + z. What is the tens digit of f?
5
Suppose 46 = -3*i + 274. What is the units digit of i?
6
Let v(f) = f**2 + 9*f + 2. Suppose u - 3*s = 6, s = -5*u + 4*s - 30. What is the units digit of v(u)?
2
Suppose -a + 52 = -0*a. Suppose -3*h + a = 5*v, -2*h + 3*h + 2*v - 16 = 0. What is the units digit of h?
4
What is the tens digit of 4/(-22) + (-3264)/(-44)?
7
Let v(g) = -g**3 + 5*g**2 + 4. Let o be v(5). Let x(u) = 2*u**2 + 4*u + 3. Let l be x(-3). Let m = l - o. What is the units digit of m?
5
Let c(x) = -11*x + 1. Let u be c(-2). Let o = -14 + u. What is the units digit of 12*(0 + 3/o)?
4
Let d = 86 + -38. Suppose -m - 44 = -3*y + 10, -m = 3*y - d. What is the tens digit of y?
1
Suppose 0 = -0*b - 3*b + 54. Suppose 4*d + 8 = -0, r + 3*d = -12. What is the units digit of r/(-27) - (-140)/b?
8
Sup